q be -2*(-2 + 4) + (-14 - -11). Calculate l(q).
7
Suppose 2 = -3*c + 17. Suppose -d - c = -0*d. Let m(u) = -4*u + 3*u**2 - 5*u**2 + u**2. What is m(d)?
-5
Let g(s) be the third derivative of -s**5/30 - s**4/12 + s**3/2 + s**2. What is g(2)?
-9
Let z(n) = n + 0*n - 3*n - 4*n. Determine z(-1).
6
Let c(h) = 3*h**2 - 3*h + 4. Suppose 0 = -3*w + 8 + 4. Let y(r) = -10*r**2 + 12*r - 2 - 10 - w*r. Let g(q) = 7*c(q) + 2*y(q). Give g(4).
0
Suppose 4*u - 44 = 15*u. Let y(i) = -i - 4. What is y(u)?
0
Let l be 3 - (1 - (-2 - -1)). Let w be -6*(-6)/9*l. Let x(j) = j**2 - 5*j + 6. Calculate x(w).
2
Let z(o) = -o + 8. Suppose -2*d + 15 - 1 = 0. Determine z(d).
1
Let k be (-1 - -6)/1 + -2. Let q(y) = -3*y**2 - 6*y - 5. Let s(b) = -2*b**2 - 3*b - 3. Let x(l) = -3*q(l) + 5*s(l). Calculate x(k).
0
Suppose -6*y = -2*y + 4*p + 32, 0 = 5*y - 3*p + 56. Let q = -11 - y. Let l(k) = -9*k + 1. What is l(q)?
10
Let d(f) = f**3 + 8*f**2 + 8*f + 7. Suppose 51*g = 49*g - 14. Give d(g).
0
Suppose -5*n = n + 12. Let l(x) = 3*x + 1. Let u(y) = -1. Let g(h) = n*u(h) - l(h). Calculate g(-3).
10
Let a(p) = 6 - 1 - 2*p**2 + p**2 + 36*p - 38*p. Give a(-5).
-10
Suppose 4*v - j - 15 = 0, -2*v = v - 2*j - 5. Let g = 9 - v. Suppose -5*p - r + 2*r = -1, 2*p = 4*r + g. Let a(x) = x**2 + x + 5. Calculate a(p).
5
Let x(j) = 3*j + 0*j**3 - 6*j - j**3 + 5 + 5*j**2. Let s = -31 - -35. Suppose -c + 5*c + s*q - 24 = 0, 0 = 3*c + 4*q - 20. Give x(c).
9
Let x(m) = -5*m**3 - 5*m + 20. Let u(f) = f**3 + f - 4. Let b(c) = 11*u(c) + 2*x(c). Determine b(0).
-4
Let j(m) be the second derivative of -m**5/20 - m**4/4 + 2*m**3/3 + 3*m**2/2 - 2*m. Calculate j(-2).
-9
Let o(g) = -g + 2. Suppose -5*s = 3*d - 10 - 9, 4*s = 4*d + 28. Calculate o(s).
-3
Let c(o) = -o**2 + 6*o. Suppose -5*b - 3*i = 37, i + 0 = 1. Let f = b - -22. Suppose 5*d - 39 + f = 0. Give c(d).
5
Let c be 11 - 11 - 3/(-1). Suppose -5*q - 5*t = 5, -2*q - 2*t = -7*t - 19. Suppose q*k + 10 = -c*k. Let j(v) = v**3 + 4*v**2 + 4*v + 3. What is j(k)?
3
Suppose 0 = -2*q + 7*q - 15. Let t be 6/(-12)*(1 - q). Let k(s) = 5*s**3 - s**2 + s - 1. Give k(t).
4
Let w(y) = -y**3 - 4*y**2 + 2*y - 7. Let z be w(-5). Let a be (6/4)/((-3)/z). Let v(d) = -d**2 - 3*d + 3*d**2 - 3*d**2 + 3. Determine v(a).
-1
Let f(g) = g**2 + g - 8. Let x = 35 - -11. Suppose c = -0*c - 2*k + 13, -4*c + x = 5*k. Suppose -5*r - 3*v + c = 0, 2*r + 7*v = 4*v + 9. Give f(r).
-8
Let d(s) = -2*s**2 - 1. Let g = 4 - 6. Let y = -6 - -4. Let h be (-3)/y + g/4. Calculate d(h).
-3
Let f be 36/8*8/(-4). Let w = f - -7. Let x(k) = k**3 - k**2 - k. Determine x(w).
-10
Let g(f) = -5*f**2 - 3*f. Suppose -4*c - 8 = -2*x, 0*c + 9 = -3*c. What is g(x)?
-14
Let h(s) = 5 - 2*s - 7 - s. Let p be h(-2). Let v(c) = -2*c**2 + 5*c - 1. What is v(p)?
-13
Let q(h) = -h**2 + 8*h - 7. Let j be q(8). Let r(b) be the third derivative of b**4/24 + 3*b**3/2 + 5*b**2. Determine r(j).
2
Let y = 444 + -445. Let a(s) = -13*s**2 + s - 6. Let t(x) = 27*x**2 - 2*x + 13. Let v(l) = -13*a(l) - 6*t(l). Give v(y).
8
Let h(k) = k**2 - k - 4. Let c(g) be the third derivative of -g**4/8 + g**3/3 + 2*g**2. Let p be c(-2). Let a be 4/(p/(-3))*2. What is h(a)?
8
Let o(i) be the third derivative of i**5/60 - i**4/6 - 32*i**2. Let s = -6 + 10. Give o(s).
0
Let o(k) be the first derivative of k**2 + 3*k - 3. What is o(-7)?
-11
Suppose 0 = 4*o + 2 + 2. Let m = o - -13. Suppose 2*c - 3*x = 14, -4*c - 4*x + m = c. Let h(q) = -q**2 + 5*q - 3. Give h(c).
1
Let p(k) = -k**2 - 6*k - 3. Suppose 0 = 2*m + 2 + 10. Determine p(m).
-3
Let u(t) be the third derivative of -t**4/24 - t**2. Let i be (-24)/9*(-3)/2. Suppose h = -i*h + 20. What is u(h)?
-4
Let y(t) = -7*t. Suppose -4*p - 7 = p + i, 6 = -3*i. Give y(p).
7
Let f(t) be the second derivative of -t**4/12 - 2*t**3/3 + t**2/2 + 162*t. Let k(a) = -3*a - 4. Let o be k(-5). Let u = 6 - o. Determine f(u).
-4
Let h(q) = 46*q**3 + 2 - q - 2*q**2 - q**2 + 2*q**2 - 47*q**3. Let o be -2 + 0 + 3 - 1. Give h(o).
2
Let o be 1/(-4) - (-10)/8. Let x(f) be the third derivative of -f**5/12 + 2*f**2. Give x(o).
-5
Let j(i) = 67 - 28 - i - 27. What is j(0)?
12
Let k(f) = -3 + 0*f**3 - 3 - f**2 + 6*f**2 - f**3. Let l be ((-6)/4)/((-2)/4). Suppose 2*j - 4*y + 5 - 23 = 0, l*j = -3*y + 9. Determine k(j).
-6
Let q(t) = -t**3 - 3*t**2 + 2*t + 1. Let j be -1 - ((0 - 2 - -1) + 3). What is q(j)?
-5
Let o(y) = -y**3 + y**2 + 2. Let j be o(0). Let a(h) = -2 + 2 - h**3 - 4*h + 135*h**2 + 3 - 133*h**2. What is a(j)?
-5
Let p(f) = 5*f**2 - f + 7. Let x(q) = 9*q**2 - 3*q + 14. Let h(y) = -11*p(y) + 6*x(y). Calculate h(-7).
7
Let i = 3 - -5. Suppose -i = -l + 3*l. Let m(f) = -f**3 - 3*f**2 + 4*f - 4. Give m(l).
-4
Let t = -13 - -7. Let w = t - -4. Let l(g) = -4*g**2 - 7. Let m(z) = -z**2 - 2. Let c(j) = 2*l(j) - 7*m(j). Give c(w).
-4
Let x(t) be the first derivative of t**4/4 - 2*t**3/3 - t**2 - 6. Suppose -2*p = -8, 4*l - 5*p = l - 11. Give x(l).
3
Suppose 27*x = 22*x + 10. Let c(m) = -m**2 + 10*m - 11. Let a be c(8). Let b(f) = -1 - f + a*f - 2*f. Give b(x).
3
Let d(m) = m**3 - 3*m**2 + 2. Let l(k) = 8*k - k**2 + 13 - 4 - 2*k. Let n be l(7). Determine d(n).
-2
Let s(h) = -5 + 14 - 6 - h. Determine s(4).
-1
Let i be -3 - (4/4 + -6). Let g(t) be the first derivative of t + t**2 + 1 + 0*t**3 - 1/4*t**4. Determine g(i).
-3
Let p(u) = -u**2 + 3*u - 1. Suppose 5*z - 23 = -3*s, 3*s + 9 + 0 = 3*z. Let g(y) = y**3 + 2*y - 2 + 6*y**2 - 4*y - z*y + 5*y. Let q be g(-6). Determine p(q).
-5
Let s(m) be the third derivative of m**4/12 + 2*m**3/3 + 6*m**2. Let n be (-2)/(-11) + 436/22. Suppose 0*v - 20 = 5*b + v, -5*b - n = -4*v. Determine s(b).
-4
Let h = -36 - -23. Let i be h/2 - 4/(-8). Let y(v) = 2*v - 1. Calculate y(i).
-13
Let q(r) = -r**3 + 3*r**2 + 3*r + 4. Suppose -18 + 15 = -x. Calculate q(x).
13
Let o(t) = -2 + t**2 + 0*t**2 - 9*t + 2*t**2. Let r(q) = -7*q**2 + 19*q + 3. Let j(w) = -5*o(w) - 2*r(w). Calculate j(6).
10
Let i(q) = -q**3 + q**2 - q - 3. Let s be i(0). Let r(n) = -n**3 - 2*n**2 + n + 4. What is r(s)?
10
Let f(o) be the first derivative of -o**4/4 - 2*o**3/3 - o**2 - 4*o + 8. What is f(-3)?
11
Suppose 8*o = 3*o. Let c(h) = h**2 - h + 12. Calculate c(o).
12
Let o(r) = r. Suppose 6*z + 30 = z. Let y be 2/3 + (-8)/z. Let n be (y/4)/((-4)/16). What is o(n)?
-2
Let w(n) be the second derivative of -n**5/20 + n**4/3 + 7*n**3/6 - 2*n**2 - n. Calculate w(5).
6
Let y(z) = z - 2. Suppose 0 = -3*v + 2*f + 49, v = -v + 4*f + 46. Suppose -12 = -4*m, 2*b + 0*m = 5*m - v. Give y(b).
-1
Suppose -3*s + 3*i = -9, 0 = 5*s - 3*i - 19. Suppose 12 = s*b + 7. Let n(o) = 10*o**3 - o**2. What is n(b)?
9
Let f(t) = -t**2 + 6*t + 2. Suppose 0 = -o - 2*o + 6. Let n be o/(-6) + (-76)/(-12). Determine f(n).
2
Let u(p) = p + 3. Suppose -2*r - 8 = -4*r. Suppose 2*z - 2*j + 22 = 0, -3*j = -z - 25 + r. What is u(z)?
-3
Let x(o) = o**2 - o + 1. Let j(k) = -10*k**2 + 9*k - 9. Let r(h) = -2*j(h) - 18*x(h). Determine r(-1).
2
Let l(i) be the second derivative of i**7/2520 + i**6/120 + i**5/30 - i**4/12 + i. Let g(s) be the third derivative of l(s). Give g(-4).
-4
Let w be (0 + 9/(-6))*-2. Let b = 1 + w. Let p(i) = -2*i + 8 + i + 0*i. Determine p(b).
4
Let z(b) be the second derivative of b**4/12 - 2*b**3/3 + b**2 - 32*b. Calculate z(3).
-1
Let n = -5 + 7. Suppose -5 + n = q. Let z be 2 + q*2 + -1. Let u(h) = h. What is u(z)?
-5
Let j(x) = x**3 - 6*x**2 - 2*x + 9. Suppose 2 = -r - 2*m, 6 - 22 = -2*r + m. What is j(r)?
-3
Let i(t) = -t**3 - 6*t**2 - 6*t - 4. Let q be 10 + (2 - (-2 + 2)). Suppose 0 = d - 4, -5*m + d = 3*d + q. Calculate i(m).
-12
Let p(x) = x**2 + 3*x - 3. Let s be p(-3). Let t = -1 + s. Let v(g) = g**3 + 3*g**2 - g + 5. Determine v(t).
-7
Let l(q) = -7*q**3 - q**2 - 6*q - 5. Let c(g) = g**3 - g - 1. Let w(j) = -5*c(j) + l(j). What is w(-1)?
12
Let c(v) = v**2 + 16*v + 8. Let r be c(-16). Let h(q) = -q**3 + 9*q**2 - 9*q + 8. What is h(r)?
0
Let p(w) be the third derivative of w**4/12 + w**3/6 - 2*w**2. Let h = -49 + 52. Calculate p(h).
7
Let q be (-33)/(-27) - (-2)/(-9). Let v(l) = 4*l + l + 2*l. What is v(q)?
7
Let u(l) = -3*l - 5. Suppose -5*s = -0*n + n - 20, 30 = -3*n + 3*s. Calculate u(n).
10
Let p(k) be the second derivative of -k**4/12 + k**3 - 5*k**2/2 + 150*k. Let b be 6*(1 - 2/6). Determine p(b).
3
Let x(t) = t**3 + t - 2. Le